?
2, 73, 89
What are the prime factors of 26001?
3, 107
List the prime factors of 7043.
7043
What are the prime factors of 33437?
29, 1153
List the prime factors of 1629.
3, 181
What are the prime factors of 68813?
68813
What are the prime factors of 5232?
2, 3, 109
What are the prime factors of 15763?
11, 1433
What are the prime factors of 1994?
2, 997
List the prime factors of 285.
3, 5, 19
What are the prime factors of 7412?
2, 17, 109
What are the prime factors of 20890?
2, 5, 2089
What are the prime factors of 131278?
2, 7, 9377
What are the prime factors of 8102?
2, 4051
List the prime factors of 959.
7, 137
List the prime factors of 79422.
2, 3, 7, 31, 61
List the prime factors of 228.
2, 3, 19
What are the prime factors of 60571?
7, 17, 509
What are the prime factors of 46126?
2, 23063
List the prime factors of 599.
599
List the prime factors of 37709.
7, 5387
List the prime factors of 2181.
3, 727
List the prime factors of 1936.
2, 11
List the prime factors of 45705.
3, 5, 11, 277
List the prime factors of 87594.
2, 3, 13, 1123
List the prime factors of 2366.
2, 7, 13
List the prime factors of 13408.
2, 419
What are the prime factors of 5919?
3, 1973
List the prime factors of 8391.
3, 2797
List the prime factors of 6942.
2, 3, 13, 89
What are the prime factors of 78649?
78649
List the prime factors of 296.
2, 37
List the prime factors of 20947.
20947
List the prime factors of 1088.
2, 17
List the prime factors of 991.
991
List the prime factors of 11670.
2, 3, 5, 389
What are the prime factors of 61775?
5, 7, 353
What are the prime factors of 1440?
2, 3, 5
List the prime factors of 64973.
43, 1511
What are the prime factors of 45171?
3, 7, 239
List the prime factors of 908.
2, 227
List the prime factors of 24003.
3, 7, 127
List the prime factors of 75218.
2, 11, 13, 263
What are the prime factors of 36493?
36493
What are the prime factors of 3116?
2, 19, 41
List the prime factors of 140.
2, 5, 7
What are the prime factors of 2511?
3, 31
List the prime factors of 104585.
5, 13, 1609
List the prime factors of 12542.
2, 6271
What are the prime factors of 366?
2, 3, 61
What are the prime factors of 99104?
2, 19, 163
List the prime factors of 10798.
2, 5399
List the prime factors of 17439.
3, 5813
List the prime factors of 106081.
43, 2467
What are the prime factors of 65765?
5, 7, 1879
List the prime factors of 331.
331
List the prime factors of 5419.
5419
List the prime factors of 4920.
2, 3, 5, 41
What are the prime factors of 20123?
20123
List the prime factors of 2163.
3, 7, 103
What are the prime factors of 23018?
2, 17, 677
What are the prime factors of 82?
2, 41
What are the prime factors of 42672?
2, 3, 7, 127
List the prime factors of 447.
3, 149
List the prime factors of 7049.
7, 19, 53
What are the prime factors of 676?
2, 13
List the prime factors of 76121.
163, 467
List the prime factors of 19465.
5, 17, 229
List the prime factors of 2040.
2, 3, 5, 17
What are the prime factors of 54763?
23, 2381
List the prime factors of 19393.
11, 41, 43
What are the prime factors of 2715?
3, 5, 181
List the prime factors of 370.
2, 5, 37
List the prime factors of 9337.
9337
List the prime factors of 6659.
6659
List the prime factors of 14281.
14281
What are the prime factors of 149?
149
List the prime factors of 1234.
2, 617
List the prime factors of 3786.
2, 3, 631
What are the prime factors of 40369?
7, 73, 79
What are the prime factors of 7208?
2, 17, 53
What are the prime factors of 712?
2, 89
List the prime factors of 12367.
83, 149
List the prime factors of 23753.
23753
What are the prime factors of 4532?
2, 11, 103
What are the prime factors of 6694?
2, 3347
List the prime factors of 2267.
2267
What are the prime factors of 1101?
3, 367
List the prime factors of 8878.
2, 23, 193
What are the prime factors of 59243?
59243
List the prime factors of 6217.
6217
What are the prime factors of 11201?
23, 487
What are the prime factors of 372?
2, 3, 31
What are the prime factors of 1221?
3, 11, 37
What are the prime factors of 180405?
3, 5, 19, 211
List the prime factors of 104991.
3, 79, 443
What are the prime factors of 42913?
13, 3301
What are the prime factors of 1785?
3, 5, 7, 17
List the prime factors of 417.
3, 139
What are the prime factors of 93153?
3, 31051
What are the prime factors of 4390?
2, 5, 439
List the prime factors of 15673.
7, 2239
What are the prime factors of 16023?
3, 7, 109
List the prime factors of 25580.
2, 5, 1279
What are the prime factors of 41543?
41543
List the prime factors of 2207.
2207
What are the prime factors of 20444?
2, 19, 269
List the prime factors of 81796.
2, 11, 13
What are the prime factors of 9784?
2, 1223
List the prime factors of 973.
7, 139
List the prime factors of 6081.
3, 2027
List the prime factors of 16836.
2, 3, 23, 61
What are the prime factors of 3928?
2, 491
What are the prime factors of 29360?
2, 5, 367
What are the prime factors of 15329?
15329
What are the prime factors of 1121?
19, 59
What are the prime factors of 5290?
2, 5, 23
List the prime factors of 7921.
89
What are the prime factors of 1573?
11, 13
What are the prime factors of 28221?
3, 23, 409
List the prime factors of 40156.
2, 10039
List the prime factors of 26991.
3, 2999
List the prime factors of 2506.
2, 7, 179
List the prime factors of 65639.
7, 9377
What are the prime factors of 1271?
31, 41
What are the prime factors of 1038?
2, 3, 173
List the prime factors of 3754.
2, 1877
What are the prime factors of 8639?
53, 163
What are the prime factors of 35962?
2, 17981
List the prime factors of 264.
2, 3, 11
What are the prime factors of 1853?
17, 109
What are the prime factors of 55133?
13, 4241
List the prime factors of 685.
5, 137
List the prime factors of 1687.
7, 241
What are the prime factors of 40871?
23, 1777
What are the prime factors of 20780?
2, 5, 1039
What are the prime factors of 31607?
31607
List the prime factors of 172.
2, 43
What are the prime factors of 4163?
23, 181
List the prime factors of 1337.
7, 191
What are the prime factors of 195?
3, 5, 13
What are the prime factors of 14859?
3, 13, 127
What are the prime factors of 2386?
2, 1193
List the prime factors of 4255.
5, 23, 37
What are the prime factors of 13174?
2, 7, 941
List the prime factors of 4857.
3, 1619
What are the prime factors of 102844?
2, 7, 3673
What are the prime factors of 1033?
1033
List the prime factors of 71008.
2, 7, 317
List the prime factors of 181222.
2, 19, 251
List the prime factors of 12088.
2, 1511
What are the prime factors of 1340?
2, 5, 67
List the prime factors of 5291.
11, 13, 37
List the prime factors of 870.
2, 3, 5, 29
What are the prime factors of 1022?
2, 7, 73
What are the prime factors of 26735?
5, 5347
List the prime factors of 60582.
2, 3, 23, 439
List the prime factors of 5933.
17, 349
List the prime factors of 1326.
2, 3, 13, 17
What are the prime factors of 19860?
2, 3, 5, 331
What are the prime factors of 11165?
5, 7, 11, 29
List the prime factors of 2263.
31, 73
What are the prime factors of 12486?
2, 3, 2081
List the prime factors of 2106.
2, 3, 13
List the prime factors of 960.
2, 3, 5
List the prime factors of 24830.
2, 5, 13, 191
What are the prime factors of 25456?
2, 37, 43
What are the prime factors of 11723?
19, 617
List the prime factors of 2717.
11, 13, 19
What are the prime factors of 9092?
2, 2273
What are the prime factors of 7157?
17, 421
List the prime factors of 50612.
2, 12653
List the prime factors of 41978.
2, 139, 151
List the prime factors of 6256.
2, 17, 23
What are the prime factors of 1962?
2, 3, 109
What are the prime factors of 4193?
7, 599
List the prime factors of 134.
2, 67
What are the prime factors of 14893?
53, 281
List the prime factors of 20298.
2, 3, 17, 199
What are the prime factors of 1224?
2, 3, 17
List the prime factors of 11647.
19, 613
What are the prime factors of 685?
5, 137
List the prime factors of 38698.
2, 11, 1759
List the prime factors of 69461.
7, 9923
What are the prime factors of 1835?
5, 367
List the prime factors of 845.
5, 13
What are the prime factors of 3203?
3203
List the prime factors of 4097.
17, 241
List the prime factors of 1011.
3, 337
What are the prime factors of 3919?
3919
What are the prime factors of 4993?
4993
What are the pr